. Suppose 3*z + 2 = 11, 0 = 3*u + 3*z - 180. Calculate the remainder when u is divided by m(-17).
28
Suppose 11*b = 7*b + 84. Suppose 2*c - 114 = 330. What is the remainder when (-3)/(c/240 - 1) is divided by b?
19
Let o = -581 + 360. Let c = -115 - o. What is the remainder when c is divided by 10?
6
Let t = 62 + -62. Let j = -7 + 12. Suppose t = -4*p + j*m + 107, -2*p + 29 = 5*m - 62. Calculate the remainder when p is divided by 18.
15
Let l be (18/(-21))/(2/(-28)). Let d = -180 - -185. Suppose d*p - 18 = l. Calculate the remainder when 14 is divided by p.
2
Let c = 3197 + -3173. Let u = 170 + -118. What is the remainder when u is divided by c?
4
Let r(u) = -7*u + 8. Let n(j) = 6*j - 8 + 3 + 3*j - 9 + j**2. Calculate the remainder when r(-5) is divided by n(-12).
21
Suppose -3*s + 0*s - 26 = -5*m, 0 = -5*m - 4*s + 47. What is the remainder when (-97)/(100/(-10) + 9) is divided by m?
6
Let g = 1700 - 1311. Calculate the remainder when g is divided by 30.
29
Let h = -84 + 132. Let r = -41 + h. Let z = 38 + r. What is the remainder when z is divided by 25?
20
Let k(w) = -50*w - 210. Let j be k(-45). Let t(r) = 42*r**2. Calculate the remainder when t(-1) is divided by (j/(-27))/(-8) + (-20)/45.
6
Let a(c) = 6*c + 221. What is the remainder when 2071 is divided by a(-34)?
14
Suppose -3*t + 144 = -3*u, 4*t = -2*u - u + 199. Suppose -s = 2*w - 0*s + 70, 3*s = -w - 40. Let h = -21 - w. What is the remainder when t is divided by h?
10
Suppose 0 = -48*m + 28690 - 322. What is the remainder when m is divided by 35?
31
Let s = 10837 - 10812. Calculate the remainder when 2349 is divided by s.
24
Let w(y) = y**2 - 10*y + 19. Let i be w(8). Suppose -2*p = 4*l + 2*p - 1196, -1495 = -5*l + i*p. What is the remainder when l is divided by 12?
11
Let j = -26 - -72. What is the remainder when 44 is divided by 4/(8/j)*(-3 + 4)?
21
Suppose 4*v = 8*v - 4*h, -v + 3*h = 10. Suppose -76 = -v*j + j. Calculate the remainder when j is divided by ((-12)/(-33))/(5/55).
3
Suppose -57*h - 8*h + 16*h = -5439. What is the remainder when h is divided by 62?
49
Let x = -3613 - -5106. What is the remainder when x is divided by 28?
9
Suppose 4*u = 6*u - 6. Suppose 3 = -u*d, 5*d - 9 = 5*a - 164. Calculate the remainder when a is divided by 8.
6
Let h = 111 + -96. Let u = h - 11. What is the remainder when 17 is divided by 18*(2 + (-6)/u)?
8
Let d be ((-68)/(-14) - 4)*-7. Let p = 20 + d. What is the remainder when 14/63 - 1074/(-27) is divided by p?
12
Let t(j) = 16*j**2 + 1918*j - 146. What is the remainder when 1221 is divided by t(-120)?
93
Suppose -14*o + 184 = -6*o. Let m = 26 - o. Suppose 0 = 4*z + m*x - 118, 4*z - 8*z + 128 = -2*x. Calculate the remainder when z is divided by 11.
9
Suppose 41*f - 49*f = 4*m - 984, f - 465 = -2*m. Calculate the remainder when 2954 is divided by m.
218
Let f = -259 - -274. Suppose i - 3*t + 217 = 3*i, -2*i = 5*t - 227. What is the remainder when i is divided by f?
11
Let b = 43 - 39. Suppose -i = p - 3*i - 370, b*p - 1480 = -3*i. What is the remainder when p is divided by 4?
2
Suppose -2*i + 1376 = 4*c, -4*c + 2764 = -3*i + 7*i. What is the remainder when i is divided by 29?
27
Let q(j) = -j**3 + 10*j**2 + 28*j - 197. Calculate the remainder when 992 is divided by q(10).
79
Suppose 2*o - 2*d = 750, 0 = o - 6*o - 3*d + 1875. Let f = -201 + o. What is the remainder when f is divided by 59?
56
Let z(p) = -p**3 + p**2 - 3*p - 3. Let v be z(3). Let w be (174/15)/(3/v) + -3. Let j = -97 - w. What is the remainder when 109 is divided by j?
21
Suppose -6*d + 5*d - 5 = 0, 4*m - 2*d = 2830. What is the remainder when m is divided by 78?
3
Let w = 121 - 54. Suppose -w = -11*g + 76. Calculate the remainder when 61 is divided by g.
9
Let w be ((-77)/21 + 7)/(3/45). Let o = w + 150. Calculate the remainder when o is divided by 43.
28
Let f(c) = c**2 + 3*c - 10. Let y be f(2). Let j(x) = x**2 + 6*x + 2 + y*x**2 + 10 + 10. What is the remainder when j(-9) is divided by 17?
15
Let j be ((-42)/(-12))/((-2)/(-92)). Let c = j + -113. Calculate the remainder when 191 is divided by c.
47
Let v be 2/(4/(-80)*2) - 2. Let d = v + -20. What is the remainder when 21/d*(1 + -95) is divided by 6?
5
Let g be -4 + 4/(-6)*-6. Let o(b) = 2*b**3 + b**2 + 4*b + 8. What is the remainder when 17 is divided by o(g)?
1
Let o(c) = 2*c**2 + 38*c + 44. Let z = 208 - 227. Calculate the remainder when 130 is divided by o(z).
42
Suppose -37*f + 1609 = 684. Calculate the remainder when 13397 is divided by f.
22
Let z = 6058 + -5558. What is the remainder when z is divided by 168?
164
Suppose -22*p + 19013 + 41462 = -95637. Calculate the remainder when p is divided by 21.
19
Suppose -t + 3*p = -191, -5*t - 3*p + 700 + 273 = 0. Calculate the remainder when ((-129)/86)/((-3)/t) is divided by 17.
12
Let u(z) = 57*z - 184. Let v(o) = 57*o - 187. Let g(l) = 5*u(l) - 4*v(l). Calculate the remainder when g(13) is divided by 30.
29
Suppose -4*w + 6071 = -3*z, -5*w + 7555 = -78*z + 81*z. What is the remainder when w is divided by 493?
35
Calculate the remainder when 6/(1 + 5) - -5 - -2531 is divided by 844.
5
Suppose 64 = -2*k - 0*k. Let s = 35 + k. Suppose -24 = -4*o + 5*x, x = s*o - 3*x - 19. Calculate the remainder when o is divided by 1.
0
Let p = 14 + 12. Let z(b) = -5*b + 2*b**2 - b**2 + 18 - 36 + p. Calculate the remainder when z(-5) is divided by 20.
18
Let o = 144 - 123. Let g(b) be the first derivative of -61*b**4/2 + 2*b**3/3 + 2*b**2 + 3*b - 10. What is the remainder when g(-1) is divided by o?
18
Let r be (-5)/1 + -4 + -297. Let z = r + 336. What is the remainder when 85 is divided by z?
25
Let n = 156 - 125. Let i = -188 + 299. Calculate the remainder when i is divided by n.
18
Suppose 0*k = -4*k - 12. Let y be 7/((-14)/(-114))*(-2)/k. Suppose -260 = -6*r - y. Calculate the remainder when 110 is divided by r.
36
Let v = -8393 - -8431. Calculate the remainder when v is divided by 27.
11
Let w(r) = -11*r - 6. Let j be w(-1). Let i be (5/(-1) + j)/(-1 - 0). Suppose -3*z + 40 - 19 = i. Calculate the remainder when 23 is divided by z.
2
Suppose 0 = -412*k + 411*k + 234. Suppose -6*l - 18 = -k. What is the remainder when l is divided by 13?
10
Suppose -2*g + 864 = 2*g + 4*x, g - 220 = x. Let r = g + -176. Calculate the remainder when r is divided by 24.
18
Let y(h) be the second derivative of 7*h**4/6 + 2*h**3 - 11*h**2 + 2*h - 22. What is the remainder when y(5) is divided by 23?
20
Suppose 293*c + 6383 - 20938 = 88*c. Suppose f + 3*m - 70 + 20 = 0, f - 52 = -m. Let j = f + c. What is the remainder when j is divided by 16?
12
Suppose 0 = a - 8*f - 8865, -5*a = 2*f + f - 44153. What is the remainder when a is divided by 188?
185
Suppose 0 = 4*x - 4*w - 230 - 130, 5*x = 3*w + 450. Suppose -s - s = -2*z + x, -z - 2*s + 57 = 0. What is the remainder when z is divided by 25?
24
Let d = 15 - 15. Suppose -4*r - 3*a + 646 = 0, d = 3*a + 3 - 9. Calculate the remainder when r is divided by 41.
37
Let x = 84 - 79. Suppose 5*g = -5*m + 4*m - 126, -g - x*m = 6. Let n = g - -36. What is the remainder when 26 is divided by n?
6
Let t(s) = s**3 + 31*s**2 - 31*s + 82. Let m be t(-31). Let c = -1003 + m. Calculate the remainder when 118 is divided by c.
38
Let c = 1187 + -781. Suppose u = 2*k + 2*k - 332, -5*k = u - c. Calculate the remainder when k is divided by 32.
18
Suppose -9732*x = -9721*x - 528. Suppose -4*f + j - 1340 = 0, 2*f + 676 = -j + 3*j. What is the remainder when f*(2 + -3) + 1 is divided by x?
47
Let b = 1588 + -1580. Let t be ((-12)/(-16))/(6/16). Calculate the remainder when b is divided by (t/1)/((-14)/(-35)).
3
What is the remainder when 237 is divided by (108/(-30))/9*(7002/(-12) - -1)?
4
Suppose -2*l = 4, -5*g = -8*g + 4*l - 322. Let k = -90 - g. What is the remainder when 55 is divided by k?
15
Let n(q) = -q**3 - 13*q**2 + 2*q + 31. Let a be n(-13). Suppose o - 3*z = 2*o - 17, 0 = -o + a*z - 15. What is the remainder when 21 is divided by o?
1
Suppose 0 = 4*b - 2389 + 473. What is the remainder when b is divided by (-15 - (-900)/80)/((-6)/64)?
39
Let x = -17638 - -17639. Calculate the remainder when 10 is divided by x.
0
Suppose 1890 = -402*v + 423*v. Calculate the remainder when v is divided by 9.
0
Suppose 3*i + 5*x - 59 - 76 = 0, 2*x - 135 = -3*i. Calculate the remainder when i